{"id":4281,"date":"2014-05-15T11:29:26","date_gmt":"2014-05-15T09:29:26","guid":{"rendered":"http:\/\/vereinigung-professioneller-kinderfotografen.de\/blog2\/?page_id=4281"},"modified":"2020-01-28T22:55:54","modified_gmt":"2020-01-28T20:55:54","slug":"schweiz","status":"publish","type":"page","link":"https:\/\/vereinigung-professioneller-kinderfotografen.de\/blog2\/schweiz\/","title":{"rendered":"Schweiz"},"content":{"rendered":"<p style=\"text-align: justify;\">Die ersten Fotos vom eigenen Baby sind immer etwas Besonderes und die Babyfotografen aus der Schweiz machen sie einzigartig. Liebevoll in Szene gesetzt entstehen traumhafte Aufnahmen aus der sch\u00f6nsten Zeit des Lebens. Erinnerungen f\u00fcr die Ewigkeit und tolle Geschenkideen f\u00fcr die Familie.<\/p>\n<p style=\"text-align: justify;\">Die Fotografen aus der Schweiz, die zur Vereinigung professioneller Kinderfotografen geh\u00f6ren, sind auch im Bereich Babyfotografie Experten und so ist ihnen bewusst, dass auch die Kleinen schon ihren eigenen Kopf haben! Mit viel Einf\u00fchlungsverm\u00f6gen und Geduld wird Ihr kleiner Liebling zum Shooting-Star und es werden immer wieder ganz individuelle Kinderfotos entstehen.<\/p>\n<p style=\"text-align: justify;\">Ob kleine Prinzessin oder Satansbraten, bei der Kinderfotografie ist nahezu alles m\u00f6glich. Zum Beispiel bieten sich bei einem Outdoor-Shooting ungeahnte M\u00f6glichkeiten f\u00fcr einzigartige Aufnahmen und wundervolle Erinnerungsfotos. Aber auch bei einem Kinder- und Babyfotoshooting im Studio wird Sie die Kreativit\u00e4t der Babyfotografen aus der Schweiz \u00fcberzeugen! Wenn Sie also absolut einzigartige und besondere Aufnahmen Ihres Kindes haben m\u00f6chten, vereinbaren Sie einfach einen Termin mit einem unserer schweizer Kinderfotografen.<\/p>\n<p>&nbsp;<\/p>\n<p><img decoding=\"async\" id=\"pp-grid-article_1400146149\" class=\"pp-grid-placeholder pp-grid-type-selected_articles\" style=\"display: none;\" src=\"http:\/\/prophoto.s3.amazonaws.com\/img\/pp-grid-placeholder-selected_articles.jpg\" alt=\"\" \/><\/p>\n","protected":false},"excerpt":{"rendered":"<p>Die ersten Fotos vom eigenen Baby sind immer etwas Besonderes und die Babyfotografen aus der Schweiz machen sie einzigartig. Liebevoll in Szene gesetzt entstehen traumhafte Aufnahmen aus der sch\u00f6nsten Zeit des Lebens. Erinnerungen f\u00fcr die Ewigkeit und tolle Geschenkideen f\u00fcr die Familie. Die Fotografen aus der Schweiz, die zur Vereinigung professioneller Kinderfotografen geh\u00f6ren, sind auch...<\/p>\n","protected":false},"author":1,"featured_media":0,"parent":0,"menu_order":0,"comment_status":"closed","ping_status":"closed","template":"","meta":{"pp_embeds":""},"acf":[],"_links":{"self":[{"href":"https:\/\/vereinigung-professioneller-kinderfotografen.de\/blog2\/wp-json\/wp\/v2\/pages\/4281"}],"collection":[{"href":"https:\/\/vereinigung-professioneller-kinderfotografen.de\/blog2\/wp-json\/wp\/v2\/pages"}],"about":[{"href":"https:\/\/vereinigung-professioneller-kinderfotografen.de\/blog2\/wp-json\/wp\/v2\/types\/page"}],"author":[{"embeddable":true,"href":"https:\/\/vereinigung-professioneller-kinderfotografen.de\/blog2\/wp-json\/wp\/v2\/users\/1"}],"replies":[{"embeddable":true,"href":"https:\/\/vereinigung-professioneller-kinderfotografen.de\/blog2\/wp-json\/wp\/v2\/comments?post=4281"}],"version-history":[{"count":3,"href":"https:\/\/vereinigung-professioneller-kinderfotografen.de\/blog2\/wp-json\/wp\/v2\/pages\/4281\/revisions"}],"predecessor-version":[{"id":4443,"href":"https:\/\/vereinigung-professioneller-kinderfotografen.de\/blog2\/wp-json\/wp\/v2\/pages\/4281\/revisions\/4443"}],"wp:attachment":[{"href":"https:\/\/vereinigung-professioneller-kinderfotografen.de\/blog2\/wp-json\/wp\/v2\/media?parent=4281"}],"curies":[{"name":"wp","href":"https:\/\/api.w.org\/{rel}","templated":true}]}}