{"id":4270,"date":"2014-05-15T11:22:37","date_gmt":"2014-05-15T09:22:37","guid":{"rendered":"http:\/\/vereinigung-professioneller-kinderfotografen.de\/blog2\/?page_id=4270"},"modified":"2021-02-15T16:25:59","modified_gmt":"2021-02-15T14:25:59","slug":"kinderfotos-aachen-familienfotos","status":"publish","type":"page","link":"https:\/\/vereinigung-professioneller-kinderfotografen.de\/blog2\/kinderfotos-aachen-familienfotos\/","title":{"rendered":"PLZ-Bereich 5"},"content":{"rendered":"<p style=\"text-align: justify;\">Kostbare Augenblicke f\u00fcr die Ewigkeit festgehalten! Finden Sie in Mausbach den richtigen Babyfotografen der Vereinigung professioneller Kinderfotografen f\u00fcr die Neugeborenenfotografie und sichern Sie sich mit einem Neugeborenenfotoshooting zauberhafte Momente in den ersten zwei Lebenswochen Ihres Babys.<\/p>\n<p style=\"text-align: justify;\">Neben der Neugeborenenfotografie haben unsere Fotografen in Mausbach und Umgebung jedoch noch weitere Angebote: Denn auch Babyfotoshootings der besonderen Art bieten unsere Babyfotografen aus Mausbach und der nahen Umgebung. Mit wundervollen Hintergr\u00fcnden und zauberhaften Accessoires entstehen einmalige Aufnahmen von Ihrem Baby &#8211; und das in entspannter und pers\u00f6nlicher Atmosph\u00e4re!<\/p>\n<p style=\"text-align: justify;\">Sie m\u00f6chten keine Standardaufnahmen, sondern individuelle Kinderfotos mit Bildern, die Ihr Kind so zeigen, wie es ist? Dann finden Sie bei uns nat\u00fcrlich auch den richtigen Babyfotografen oder Kinderfotografen, der auf Ihre W\u00fcnsche eingeht und Fotos von Ihrem Kind macht an denen Sie ein Leben lang Freude haben werden!<\/p>\n<p><img decoding=\"async\" id=\"pp-grid-article_1400145560\" class=\"pp-grid-placeholder pp-grid-type-selected_articles\" style=\"display: none;\" src=\"http:\/\/prophoto.s3.amazonaws.com\/img\/pp-grid-placeholder-selected_articles.jpg\" alt=\"\" \/><\/p>\n","protected":false},"excerpt":{"rendered":"<p>Kostbare Augenblicke f\u00fcr die Ewigkeit festgehalten! Finden Sie in Mausbach den richtigen Babyfotografen der Vereinigung professioneller Kinderfotografen f\u00fcr die Neugeborenenfotografie und sichern Sie sich mit einem Neugeborenenfotoshooting zauberhafte Momente in den ersten zwei Lebenswochen Ihres Babys. Neben der Neugeborenenfotografie haben unsere Fotografen in Mausbach und Umgebung jedoch noch weitere Angebote: Denn auch Babyfotoshootings der besonderen...<\/p>\n","protected":false},"author":1,"featured_media":0,"parent":0,"menu_order":0,"comment_status":"closed","ping_status":"closed","template":"","meta":{"pp_embeds":""},"acf":[],"_links":{"self":[{"href":"https:\/\/vereinigung-professioneller-kinderfotografen.de\/blog2\/wp-json\/wp\/v2\/pages\/4270"}],"collection":[{"href":"https:\/\/vereinigung-professioneller-kinderfotografen.de\/blog2\/wp-json\/wp\/v2\/pages"}],"about":[{"href":"https:\/\/vereinigung-professioneller-kinderfotografen.de\/blog2\/wp-json\/wp\/v2\/types\/page"}],"author":[{"embeddable":true,"href":"https:\/\/vereinigung-professioneller-kinderfotografen.de\/blog2\/wp-json\/wp\/v2\/users\/1"}],"replies":[{"embeddable":true,"href":"https:\/\/vereinigung-professioneller-kinderfotografen.de\/blog2\/wp-json\/wp\/v2\/comments?post=4270"}],"version-history":[{"count":4,"href":"https:\/\/vereinigung-professioneller-kinderfotografen.de\/blog2\/wp-json\/wp\/v2\/pages\/4270\/revisions"}],"predecessor-version":[{"id":16572,"href":"https:\/\/vereinigung-professioneller-kinderfotografen.de\/blog2\/wp-json\/wp\/v2\/pages\/4270\/revisions\/16572"}],"wp:attachment":[{"href":"https:\/\/vereinigung-professioneller-kinderfotografen.de\/blog2\/wp-json\/wp\/v2\/media?parent=4270"}],"curies":[{"name":"wp","href":"https:\/\/api.w.org\/{rel}","templated":true}]}}