{"id":4260,"date":"2014-05-15T11:03:09","date_gmt":"2014-05-15T09:03:09","guid":{"rendered":"http:\/\/vereinigung-professioneller-kinderfotografen.de\/blog2\/?page_id=4260"},"modified":"2025-05-22T15:58:46","modified_gmt":"2025-05-22T13:58:46","slug":"babyfotos-kinderfotos-hamburg-bremen-flensburg","status":"publish","type":"page","link":"https:\/\/vereinigung-professioneller-kinderfotografen.de\/blog2\/babyfotos-kinderfotos-hamburg-bremen-flensburg\/","title":{"rendered":"PLZ-Bereich 2"},"content":{"rendered":"<p style=\"text-align: justify;\">Leider ist es kaum m\u00f6glich, jeden Moment im Leben eines Neugeborenen festzuhalten. Unsere Fotografen aus Hamburg sowie aus Bremen und Flensburg bieten Ihnen jedoch die M\u00f6glichkeit, mit der Neugeborenenfotografie einzigartige und zauberhafte Momente in den ersten beiden Lebenswochen des Babys einzufangen und erstellen f\u00fcr Sie wundervolle Babyfotos. Die 14 Tage nach der Geburt Ihres kleinen Schatzes sind der ideale Zeitpunkt, um einen Termin f\u00fcr das Neugeborenenfotoshooting wahrzunehmen. Vereinbaren Sie daher am besten schon heute ein Treffen mit einem unserer Fotografen in Flensburg, Bremen oder Hamburg.<\/p>\n<p style=\"text-align: justify;\">Romantisch verspielt, nostalgisch und einfach nur die pure Liebe: Bei einem Shooting im Rahmen der Babyfotografie gehen die Fotografen auf Ihre W\u00fcnsche ein und schaffen f\u00fcr Sie wundervolle Erinnerungen in einer entspannten Atmosph\u00e4re.<\/p>\n<p style=\"text-align: justify;\">Kicken auf dem Bolzplatz oder auf Inlinern durch den Park. Die Kinderfotografie bietet unendliche M\u00f6glichkeiten f\u00fcr individuelle und einzigartige Shootings. Von den Hamburger Fotografen und unseren Babyfotografen in Flensburg und Bremen erhalten Sie Schnappsch\u00fcsse und Momentaufnahmen von unwiederbringlichen Augenblicken. Solche Fotos sind nat\u00fcrlich noch mal etwas v\u00f6llig anderes, also die typischen Portr\u00e4taufnahmen, die man in so vielen Wohnzimmern findet. Unsere Mitglieder der Vereinigung professioneller Kinderfotografen erschaffen zusammen mit Ihnen absolut einzigartige und ganz besondere Kinderfotos, die sowohl wundersch\u00f6ne Erinnerungen sind als auch hervorragende Geschenke f\u00fcr die ganze Familie.<\/p>\n<p>&nbsp;<\/p>\n<p><img decoding=\"async\" id=\"pp-grid-article_1400144549\" class=\"pp-grid-placeholder pp-grid-type-selected_articles\" style=\"display: none;\" src=\"http:\/\/prophoto.s3.amazonaws.com\/img\/pp-grid-placeholder-selected_articles.jpg\" alt=\"\" \/><\/p>\n","protected":false},"excerpt":{"rendered":"<p>Leider ist es kaum m\u00f6glich, jeden Moment im Leben eines Neugeborenen festzuhalten. Unsere Fotografen aus Hamburg sowie aus Bremen und Flensburg bieten Ihnen jedoch die M\u00f6glichkeit, mit der Neugeborenenfotografie einzigartige und zauberhafte Momente in den ersten beiden Lebenswochen des Babys einzufangen und erstellen f\u00fcr Sie wundervolle Babyfotos. Die 14 Tage nach der Geburt Ihres kleinen...<\/p>\n","protected":false},"author":1,"featured_media":0,"parent":0,"menu_order":0,"comment_status":"closed","ping_status":"closed","template":"","meta":{"pp_embeds":""},"acf":[],"_links":{"self":[{"href":"https:\/\/vereinigung-professioneller-kinderfotografen.de\/blog2\/wp-json\/wp\/v2\/pages\/4260"}],"collection":[{"href":"https:\/\/vereinigung-professioneller-kinderfotografen.de\/blog2\/wp-json\/wp\/v2\/pages"}],"about":[{"href":"https:\/\/vereinigung-professioneller-kinderfotografen.de\/blog2\/wp-json\/wp\/v2\/types\/page"}],"author":[{"embeddable":true,"href":"https:\/\/vereinigung-professioneller-kinderfotografen.de\/blog2\/wp-json\/wp\/v2\/users\/1"}],"replies":[{"embeddable":true,"href":"https:\/\/vereinigung-professioneller-kinderfotografen.de\/blog2\/wp-json\/wp\/v2\/comments?post=4260"}],"version-history":[{"count":4,"href":"https:\/\/vereinigung-professioneller-kinderfotografen.de\/blog2\/wp-json\/wp\/v2\/pages\/4260\/revisions"}],"predecessor-version":[{"id":16569,"href":"https:\/\/vereinigung-professioneller-kinderfotografen.de\/blog2\/wp-json\/wp\/v2\/pages\/4260\/revisions\/16569"}],"wp:attachment":[{"href":"https:\/\/vereinigung-professioneller-kinderfotografen.de\/blog2\/wp-json\/wp\/v2\/media?parent=4260"}],"curies":[{"name":"wp","href":"https:\/\/api.w.org\/{rel}","templated":true}]}}

<p style="text-align: justify;">Leider ist es kaum möglich, jeden Moment im Leben eines Neugeborenen festzuhalten. Unsere Fotografen aus Hamburg sowie aus Bremen und Flensburg bieten Ihnen jedoch die Möglichkeit, mit der Neugeborenenfotografie einzigartige und zauberhafte Momente in den ersten beiden Lebenswochen des Babys einzufangen und erstellen für Sie wundervolle Babyfotos. Die 14 Tage nach der Geburt Ihres kleinen Schatzes sind der ideale Zeitpunkt, um einen Termin für das Neugeborenenfotoshooting wahrzunehmen. Vereinbaren Sie daher am besten schon heute ein Treffen mit einem unserer Fotografen in Flensburg, Bremen oder Hamburg.</p>
<p style="text-align: justify;">Romantisch verspielt, nostalgisch und einfach nur die pure Liebe: Bei einem Shooting im Rahmen der Babyfotografie gehen die Fotografen auf Ihre Wünsche ein und schaffen für Sie wundervolle Erinnerungen in einer entspannten Atmosphäre.</p>
<p style="text-align: justify;">Kicken auf dem Bolzplatz oder auf Inlinern durch den Park. Die Kinderfotografie bietet unendliche Möglichkeiten für individuelle und einzigartige Shootings. Von den Hamburger Fotografen und unseren Babyfotografen in Flensburg und Bremen erhalten Sie Schnappschüsse und Momentaufnahmen von unwiederbringlichen Augenblicken. Solche Fotos sind natürlich noch mal etwas völlig anderes, also die typischen Porträtaufnahmen, die man in so vielen Wohnzimmern findet. Unsere Mitglieder der Vereinigung professioneller Kinderfotografen erschaffen zusammen mit Ihnen absolut einzigartige und ganz besondere Kinderfotos, die sowohl wunderschöne Erinnerungen sind als auch hervorragende Geschenke für die ganze Familie.</p>
<p>&nbsp;</p>
<p><img decoding="async" id="pp-grid-article_1400144549" class="pp-grid-placeholder pp-grid-type-selected_articles" style="display: none;" src="http://prophoto.s3.amazonaws.com/img/pp-grid-placeholder-selected_articles.jpg" alt="" /></p>

<p>Leider ist es kaum möglich, jeden Moment im Leben eines Neugeborenen festzuhalten. Unsere Fotografen aus Hamburg sowie aus Bremen und Flensburg bieten Ihnen jedoch die Möglichkeit, mit der Neugeborenenfotografie einzigartige und zauberhafte Momente in den ersten beiden Lebenswochen des Babys einzufangen und erstellen für Sie wundervolle Babyfotos. Die 14 Tage nach der Geburt Ihres kleinen...</p>
