{"id":16014,"date":"2021-01-21T17:58:21","date_gmt":"2021-01-21T15:58:21","guid":{"rendered":"https:\/\/vereinigung-professioneller-kinderfotografen.de\/blog2\/?page_id=16014"},"modified":"2022-11-09T12:16:40","modified_gmt":"2022-11-09T10:16:40","slug":"26188-edewecht-nadine-droste","status":"publish","type":"page","link":"https:\/\/vereinigung-professioneller-kinderfotografen.de\/blog2\/26188-edewecht-nadine-droste\/","title":{"rendered":"26122 Oldenburg | Nadine Droste"},"content":{"rendered":"<h3 style=\"text-align: left;\"><img decoding=\"async\" id=\"pp-slideshow-1611244652\" class=\"pp-slideshow-placeholder pp-gallery-placeholder slideshow-1611244652 mceItem\" style=\"display: none;\" src=\"https:\/\/vereinigung-professioneller-kinderfotografen.de\/blog2\/wp-content\/uploads\/pp\/placeholders\/slideshow-placeholder-1611244652.jpg\" \/><\/h3>\n<h3 style=\"text-align: left;\"><\/h3>\n<p style=\"text-align: left;\"><img decoding=\"async\" loading=\"lazy\" class=\"wp-image-56 alignleft\" title=\"Julia\" src=\"https:\/\/vereinigung-professioneller-kinderfotografen.de\/blog2\/wp-content\/uploads\/2022\/11\/09-16014-page\/Nadine-von-Mama-und-Mini-Fotografie-300x300.jpg\" alt=\"\" width=\"180\" height=\"180\" data-wp-editing=\"1\" \/><strong>Nadine Droste<\/strong><\/p>\n<p><strong>Adresse Tageslicht-Fotostudio in der Oldenburger Innenstadt mit Anbindung zum Parkhaus Am Waffenplatz<br \/>\n<\/strong>Kurwickstra\u00dfe 28a<br \/>\n26122 Oldenburg<br \/>\nMobile: 49 (0) 172 572 55 44<br \/>\nE-Mail: nadine@mamaundmini.com<\/p>\n<p style=\"text-align: left;\"><strong><span style=\"color: #000000;\"><a href=\"http:\/\/www.mamaundmini.com\" target=\"_blank\" rel=\"noopener\"><span style=\"color: #000000;\">www.mamaundmini.com<\/span><\/a><\/span><\/strong><\/p>\n<p>&nbsp;<\/p>\n<p style=\"text-align: justify;\">Nadines gem\u00fctlich eingerichtetes Tageslicht-Atelier befindet sich in der direkten Umgebung von Oldenburg, in Edewecht im Landkreis Ammerland. Dort fotografiert sie auf eine authentische Art und Weise Schwangere, Babys und Familien mit Kleinkindern.<br \/>\nWenn man Nadines Atelier betritt, f\u00fchlt man sich sofort wohl, da es wie ein hell und gem\u00fctlich eingerichtetes Zuhause aussieht und somit eine ganz besondere Atmosph\u00e4re f\u00fcr das Fotoshooting geschaffen werden kann. Das macht es leicht, sich w\u00e4hrend eines Fotoshootings bei ihr besonders wohl zu f\u00fchlen.<br \/>\nNadine hat eine beruhigende Art und viel Geduld f\u00fcr die Kleinsten. Ein Fotoshooting bei ihr wird zum Erlebnis, das man immer in positiver Erinnerung behalten wird. Abgerundet durch wundersch\u00f6ne Fotos, die sie mit dem n\u00f6tigen Feingef\u00fchl anleitete.<br \/>\nIhr Bildstil ist pur und zeitlos und fokussiert auf die Emotionen im Bild. Wer den nordischen Stil liebt \u2013 minimalistisch und schlicht \u2013 ist bei ihr in den besten H\u00e4nden.<\/p>\n<h3><span style=\"color: #808080;\">mehr Fotos von Nadine Droste k\u00f6nnen Sie\u00a0<span style=\"color: #000000;\"><em><strong><a href=\"http:\/\/vereinigung-professioneller-kinderfotografen.de\/blog2\/category\/blog\/nadine-droste\/\"><span style=\"color: #000000;\">hier<\/span><\/a><\/strong>\u00a0<\/em><\/span>sehen<\/span><\/h3>\n","protected":false},"excerpt":{"rendered":"<p>Nadine Droste Adresse Tageslicht-Fotostudio in der Oldenburger Innenstadt mit Anbindung zum Parkhaus Am Waffenplatz Kurwickstra\u00dfe 28a 26122 Oldenburg Mobile: 49 (0) 172 572 55 44 E-Mail: nadine@mamaundmini.com www.mamaundmini.com &nbsp; Nadines gem\u00fctlich eingerichtetes Tageslicht-Atelier befindet sich in der direkten Umgebung von Oldenburg, in Edewecht im Landkreis Ammerland. Dort fotografiert sie auf eine authentische Art und Weise...<\/p>\n","protected":false},"author":1,"featured_media":16022,"parent":0,"menu_order":0,"comment_status":"closed","ping_status":"closed","template":"","meta":{"pp_embeds":""},"acf":[],"_links":{"self":[{"href":"https:\/\/vereinigung-professioneller-kinderfotografen.de\/blog2\/wp-json\/wp\/v2\/pages\/16014"}],"collection":[{"href":"https:\/\/vereinigung-professioneller-kinderfotografen.de\/blog2\/wp-json\/wp\/v2\/pages"}],"about":[{"href":"https:\/\/vereinigung-professioneller-kinderfotografen.de\/blog2\/wp-json\/wp\/v2\/types\/page"}],"author":[{"embeddable":true,"href":"https:\/\/vereinigung-professioneller-kinderfotografen.de\/blog2\/wp-json\/wp\/v2\/users\/1"}],"replies":[{"embeddable":true,"href":"https:\/\/vereinigung-professioneller-kinderfotografen.de\/blog2\/wp-json\/wp\/v2\/comments?post=16014"}],"version-history":[{"count":4,"href":"https:\/\/vereinigung-professioneller-kinderfotografen.de\/blog2\/wp-json\/wp\/v2\/pages\/16014\/revisions"}],"predecessor-version":[{"id":16957,"href":"https:\/\/vereinigung-professioneller-kinderfotografen.de\/blog2\/wp-json\/wp\/v2\/pages\/16014\/revisions\/16957"}],"wp:featuredmedia":[{"embeddable":true,"href":"https:\/\/vereinigung-professioneller-kinderfotografen.de\/blog2\/wp-json\/wp\/v2\/media\/16022"}],"wp:attachment":[{"href":"https:\/\/vereinigung-professioneller-kinderfotografen.de\/blog2\/wp-json\/wp\/v2\/media?parent=16014"}],"curies":[{"name":"wp","href":"https:\/\/api.w.org\/{rel}","templated":true}]}}

<h3 style="text-align: left;"><img decoding="async" id="pp-slideshow-1611244652" class="pp-slideshow-placeholder pp-gallery-placeholder slideshow-1611244652 mceItem" style="display: none;" src="https://vereinigung-professioneller-kinderfotografen.de/blog2/wp-content/uploads/pp/placeholders/slideshow-placeholder-1611244652.jpg" /></h3>
<h3 style="text-align: left;"></h3>
<p style="text-align: left;"><img decoding="async" loading="lazy" class="wp-image-56 alignleft" title="Julia" src="https://vereinigung-professioneller-kinderfotografen.de/blog2/wp-content/uploads/2022/11/09-16014-page/Nadine-von-Mama-und-Mini-Fotografie-300x300.jpg" alt="" width="180" height="180" data-wp-editing="1" /><strong>Nadine Droste</strong></p>
<p><strong>Adresse Tageslicht-Fotostudio in der Oldenburger Innenstadt mit Anbindung zum Parkhaus Am Waffenplatz<br />
</strong>Kurwickstraße 28a<br />
26122 Oldenburg<br />
Mobile: 49 (0) 172 572 55 44<br />
E-Mail: nadine@mamaundmini.com</p>
<p style="text-align: left;"><strong><span style="color: #000000;"><a href="http://www.mamaundmini.com" target="_blank" rel="noopener"><span style="color: #000000;">www.mamaundmini.com</span></a></span></strong></p>
<p>&nbsp;</p>
<p style="text-align: justify;">Nadines gemütlich eingerichtetes Tageslicht-Atelier befindet sich in der direkten Umgebung von Oldenburg, in Edewecht im Landkreis Ammerland. Dort fotografiert sie auf eine authentische Art und Weise Schwangere, Babys und Familien mit Kleinkindern.<br />
Wenn man Nadines Atelier betritt, fühlt man sich sofort wohl, da es wie ein hell und gemütlich eingerichtetes Zuhause aussieht und somit eine ganz besondere Atmosphäre für das Fotoshooting geschaffen werden kann. Das macht es leicht, sich während eines Fotoshootings bei ihr besonders wohl zu fühlen.<br />
Nadine hat eine beruhigende Art und viel Geduld für die Kleinsten. Ein Fotoshooting bei ihr wird zum Erlebnis, das man immer in positiver Erinnerung behalten wird. Abgerundet durch wunderschöne Fotos, die sie mit dem nötigen Feingefühl anleitete.<br />
Ihr Bildstil ist pur und zeitlos und fokussiert auf die Emotionen im Bild. Wer den nordischen Stil liebt – minimalistisch und schlicht – ist bei ihr in den besten Händen.</p>
<h3><span style="color: #808080;">mehr Fotos von Nadine Droste können Sie <span style="color: #000000;"><em><strong><a href="http://vereinigung-professioneller-kinderfotografen.de/blog2/category/blog/nadine-droste/"><span style="color: #000000;">hier</span></a></strong> </em></span>sehen</span></h3>

<p>Nadine Droste Adresse Tageslicht-Fotostudio in der Oldenburger Innenstadt mit Anbindung zum Parkhaus Am Waffenplatz Kurwickstraße 28a 26122 Oldenburg Mobile: 49 (0) 172 572 55 44 E-Mail: nadine@mamaundmini.com www.mamaundmini.com &nbsp; Nadines gemütlich eingerichtetes Tageslicht-Atelier befindet sich in der direkten Umgebung von Oldenburg, in Edewecht im Landkreis Ammerland. Dort fotografiert sie auf eine authentische Art und Weise...</p>
